d5e
What is b28ff (base 16) in base 8?
2624377
What is -104772 (base 14) in base 2?
-10000110010110000000
What is -43dba2 (base 15) in base 16?
-316025
What is 24aa6 (base 16) in base 4?
210222212
Convert -306882 (base 9) to base 11.
-114a16
-590b6 (base 14) to base 12
-a5660
What is 154250 (base 7) in base 3?
1112120212
Convert -219639 (base 10) to base 16.
-359f7
Convert 4200244 (base 5) to base 7.
404440
What is -2263110 (base 7) in base 8?
-1053363
What is 430002344 (base 6) in base 2?
11100110101011010111000
What is -20115757 (base 8) in base 7?
-50663450
What is 100232300310 (base 4) in base 12?
1576130
65484c (base 15) to base 7
56003214
Convert -4035 (base 8) to base 5.
-31302
Convert -2320053 (base 6) to base 16.
-1d1e1
Convert -23024130 (base 5) to base 3.
-101102002110
Convert -1b1bc (base 13) to base 14.
-15496
Convert 17b4a2 (base 15) to base 4.
10121032313
Convert 300030314 (base 5) to base 8.
4364512
Convert 101000110110111010 (base 2) to base 13.
5b235
What is -703267 (base 11) in base 13?
-308132
Convert -2513504 (base 6) to base 16.
-20cb0
What is -48d406 (base 14) in base 9?
-4622547
Convert 191490 (base 12) to base 14.
b5804
Convert -110758 (base 9) to base 16.
-102b6
Convert -3020002303 (base 4) to base 9.
-1477871
What is 30b536 (base 14) in base 2?
110010001100010001100
Convert -221400140 (base 7) to base 10.
-13361642
b6699 (base 12) to base 16
3a755
Convert 132005 (base 7) to base 9.
36785
Convert -2684e (base 16) to base 5.
-20022044
61734 (base 10) to base 11
42422
Convert 1704609 (base 11) to base 3.
12110120212202
Convert -1e7649 (base 15) to base 11.
-92a927
What is -104113221 (base 6) in base 16?
-1ca04d
What is 168341 (base 9) in base 10?
104527
Convert -e415 (base 16) to base 7.
-332142
What is 1102649 (base 10) in base 11?
693489
What is 517758 (base 9) in base 12?
129b75
Convert 120200222020 (base 3) to base 13.
aa8b0
Convert 44314 (base 6) to base 15.
1c61
1315500 (base 6) to base 2
10001101101011100
Convert 13313210103 (base 5) to base 6.
1402501550
What is 45333160 (base 7) in base 10?
3941161
223002323 (base 4) to base 8
530273
What is -111232312 (base 5) in base 16?
-78520
What is a6bd72 (base 14) in base 2?
10101100001010101100000
Convert 111101001111001 (base 2) to base 3.
1121000020
-12152525 (base 7) to base 5
-234313403
Convert -578ba3 (base 13) to base 10.
-2075960
Convert 326604 (base 8) to base 4.
122312010
-102232501 (base 7) to base 15
-7e529d
10031423 (base 5) to base 6
1415250
Convert -102462 (base 12) to base 9.
-424862
9406 (base 14) to base 8
61616
debbfc (base 16) to base 8
67535774
What is -101011 (base 7) in base 13?
-7a6b
-16055720 (base 8) to base 9
-6848501
-13001220232 (base 5) to base 10
-15648192
11134104 (base 5) to base 9
161160
Convert -110100000111010111001 (base 2) to base 7.
-20341506
-42440532 (base 7) to base 13
-993786
-657b0 (base 15) to base 4
-1032230331
1267372 (base 11) to base 2
1000010110111110100100
What is -1110210110212 (base 3) in base 15?
-107148
Convert -47005016 (base 8) to base 10.
-10226190
What is 220220000 (base 4) in base 7?
1262063
Convert c78ba (base 14) to base 12.
1b2a90
Convert 1010011111010110 (base 2) to base 14.
11930
Convert 123221100 (base 4) to base 7.
651060
What is 46915 (base 12) in base 16?
171a1
What is 12604004 (base 7) in base 5?
244123214
What is -267b8 (base 15) in base 9?
-207052
-21baba1 (base 12) to base 7
-105655540
What is 4b40 (base 16) in base 9?
28374
21202021221 (base 3) to base 10
152575
Convert 1103441 (base 7) to base 2.
100001001000011110
3100222102 (base 4) to base 5
204322144
Convert -322230 (base 4) to base 13.
-192c
Convert 675656 (base 10) to base 14.
138332
-111010110010001011011101 (base 2) to base 7
-244660531
Convert -229149 (base 11) to base 15.
-72aac
What is -5bfba7 (base 16) in base 6?
-333112155
-1315534 (base 8) to base 7
-3060201
What is -33135b (base 12) in base 15?
-110425
-b4a0c (base 13) to base 11
-201a17
What is 42201422 (base 6) in base 14?
23dc46
4311305 (base 6) to base 9
352205
What is -48b750 (base 13) in base 12?
-6ba4ab
What is -1604165 (base 11) in base 6?
-134444503
What is d2b74 (base 15) in base 12?
282317
What is 6733586 (base 9) in base 16?
374d96
What is -11310201110 (base 4) in base 6?
-52412032
What is -391064 (base 10) in base 8?
-1373630
What is -19a074 (base 14) in base 3?
-1201021210211
-129677b (base 12) to base 10
-3681743
What is -253325155 (base 6) in base 4?
-102302213333
229888 (base 10) to base 6
4532144
Convert -142132333 (base 5) to base 2.
-10110100100110000110
3a615 (base 12) to base 13
2a773
Convert -1000000110010011011101111 (base 2) to base 5.
-13321440131
Convert -454401 (base 10) to base 5.
-104020101
Convert 10c9bd4 (base 14) to base 4.
132211122132
Convert 4b75b (base 13) to base 8.
420626
-150245400 (base 6) to base 15
-413d56
Convert -12445166 (base 7) to base 14.
-21876d
51a09 (base 13) to base 9
243211
What is -676753 (base 10) in base 13?
-1a905c
What is 8a9a7 (base 14) in base 4?
1102030213
Convert -7885515 (base 10) to base 3.
-112211121220010
Convert -1356121 (base 8) to base 9.
-644766
214210 (base 6) to base 15
5410
Convert 154055212 (base 6) to base 10.
3273560
Convert 1221202222200 (base 3) to base 6.
34133200
What is -3313441 (base 9) in base 2?
-110110010101101100011
-100210011220 (base 3) to base 10
-192588
What is 101000111011101010 (base 2) in base 7?
1265541
What is -137a22 (base 14) in base 9?
-1236828
What is 100135404 (base 6) in base 15?
23673d
27042030 (base 9) to base 6
1153205430
211221122002 (base 3) to base 10
451712
Convert -1012330011 (base 5) to base 14.
-3bda56
What is 115a389 (base 12) in base 2?
1100110011011010011001
Convert 101001130323 (base 4) to base 2.
10001000001011100111011
Convert -110011010111100111 (base 2) to base 6.
-4302035
Convert 420176 (base 13) to base 8.
5704640
What is -107118 (base 11) in base 16?
-29a0c
What is 34a25d (base 14) in base 10?
1795051
-662803 (base 11) to base 8
-4021771
Convert 1352b9 (base 12) to base 9.
537086
Convert 1011100001111010000111 (base 2) to base 6.
144440531
Convert -24a618 (base 12) to base 4.
-2102023310
What is 1010444113 (base 5) in base 9?
3758583
What is -13630036 (base 7) in base 11?
-7a8124
Convert -243520025 (base 6) to base 4.
-101301303101
What is 1552610 (base 8) in base 5?
103313010
What is 10410440 (base 5) in base 8?
262352
Convert -799217 (base 10) to base 8.
-3030761
What is -b00a70 (base 13) in base 7?
-46505356
Convert 15706a (base 11) to base 10.
243649
What is 1010001000100000110 (base 2) in base 8?
1210406
Convert 131230132321 (base 4) to base 15.
a3b737
Convert 32acaa (base 14) to base 10.
1720246
Convert 2284824 (base 9) to base 12.
4b7a7a
Convert -2625521 (base 7) to base 14.
-8cd81
What is 221599 (base 11) in base 4?
1112102110
What is -1030203 (base 8) in base 3?
-111221122000
Convert -69a9 (base 13) to base 16.
-39fa
Convert 1370401 (base 9) to base 6.
24102344
365718 (base 11) to base 5
122003040
Convert 1722151 (base 10) to base 11.
a76972
3c5 (base 13) to base 2
1010011100
204133230 (base 5) to base 11
530011
What is 10000111011100100101011 (base 2) in base 15?
5ca0ca
Convert -70d8 (base 16) to base 13.
-101c2
What is -11513827 (base 9) in base 2?
-10101011011110110000100
What is -16a226 (base 15) in base 14?
-207cad
-361685 (base 13) to base 15
-1a6be5
Convert -19048aa (base 11) to base 3.
-20001222012112
Convert -2212414 (base 5) to base 12.
-1a330
-13234150 (base 6) to base 3
-211100221110
What is -2210011011 (base 3) in base 14?
-15d75
Convert -96396 (base 14) to base 16.
-589b0
What is 10104021 (base 5) in base 16?
13f61
-15370264 (base 9) to base 6
-432131004
What is -61610 (base 16) in base 5?
-100230424
What is -1001110011010101000011 (base 2) in base 8?
-11632503
What is -b6b79 (base 16) in base 2?
-10110110101101111001
What is 527618 (base 9) in base 16?
4ca75
-33303320223 (base 4) to base 3
-21210120102210
What is -147839 (base 12) in base 6?
-11221313
163100 (base 11) to base 14
682c3
Convert -356c8 (base 13) to base 10.
-97846
Convert -2155274 (base 8) to base 6.
-20234300
Convert -21212201120110 (base 3) to base 15.
-57a929
Convert -11957 (base 11) to base 16.
-42e3
Convert -13300144 (base 8) to base 9.
-5544460
-d4d15 (base 15) to